ctors of (-164)/(-5) - v/5.
3, 11
Suppose 3*o = 5 + 4. Suppose -6*j + 3*j = 5*q - 194, 0 = -j + o*q + 88. Suppose 0 = -3*r - 4*b + j, 2*r - 4*b + b - 77 = 0. List the prime factors of r.
31
Suppose -954 - 12366 = -45*k. List the prime factors of k.
2, 37
Let w(d) = d + 5. Suppose 2*q - q = 4*u + 15, q = -u + 5. Let h be w(q). Suppose -5*z + 48 = -h. What are the prime factors of z?
2, 3
Let u(w) = w**3 + 4*w**2 - 17*w + 17. List the prime factors of u(-6).
47
Suppose -3*h - 1608 + 4497 = 3*n, -2*n = 4*h - 1930. List the prime factors of n.
31
Let j be (3 + -3 - 5)*(2 + -4). Suppose 3*m = 2*s - m, 2*m - j = 0. List the prime factors of s.
2, 5
Let j(v) = 4*v - 5. Let s(x) = x + 5. Let p be s(-3). Let l be j(p). Suppose -d = -3*f - 3*d + 117, 4*f - l*d = 173. What are the prime factors of f?
41
List the prime factors of 15/(-105) + -2*(-2122)/14.
3, 101
Let g(v) = 9 - 6 + 3*v - 5. Let o be g(2). Suppose o*d - 31 = 65. List the prime factors of d.
2, 3
Let y(a) be the second derivative of -a**5/20 - 5*a**4/12 - 5*a**3/6 - 2*a**2 + 3*a + 3. Suppose 0*g - 3*g - 15 = 0. What are the prime factors of y(g)?
3, 7
Let n(i) = 104*i + 220. List the prime factors of n(13).
2, 3, 131
Let n = 43 - 41. Suppose n*a + 17 = 93. List the prime factors of a.
2, 19
Let p(s) = 1 + 19*s + 4*s - 1. List the prime factors of p(6).
2, 3, 23
Let t(x) be the second derivative of x**5/20 + 11*x**4/12 - 4*x**3/3 + 5*x**2 - 21*x. List the prime factors of t(-10).
2, 5, 19
Let h be (34/85)/(1/(-40)). Let m = h + 18. Suppose m*c - 3*c = -50. What are the prime factors of c?
2, 5
Let n(s) = -280*s - 89. What are the prime factors of n(-3)?
751
Let c = 338 - 112. List the prime factors of c.
2, 113
Let w(c) = 88*c + 7. Let x be (-40)/(-30)*(-6)/(-4). List the prime factors of w(x).
3, 61
Let p(v) = v**3 - 5*v**2 - 7*v + 9. Suppose -3 = -a + 3. Let g be p(a). Suppose -2*k - g*k = 5*z - 95, -7 = -z - 5*k. What are the prime factors of z?
2, 11
Suppose -5*v + 820 = 5*q, -v = 5*q - 148 - 680. Let s = q - 76. What are the prime factors of s?
2, 3, 5
Let y(l) = l. Let s(a) = a**3 - 8*a**2 + 8*a + 3. Let m(p) = -s(p) + 6*y(p). What are the prime factors of m(6)?
3, 19
Let w(k) be the third derivative of k**6/120 + k**5/10 + 13*k**3/6 - 20*k**2. List the prime factors of w(-6).
13
Let c = 6 + -5. Suppose c - 3 = -2*n - 2*q, -n + 5*q = -13. Suppose 3*s + 2*b - 50 = 0, -7*s + n*s - 3*b = -65. What are the prime factors of s?
2, 5
Let d be (-2)/(32/(-612))*-4. Let v be 2/(-10) + d/(-15). Suppose c + 3 - v = 0. What are the prime factors of c?
7
Let s(v) = -2*v + 1. Let y(q) = -q**3 - 4*q**2 + 2*q - 11. Let k be y(-5). Let w be s(k). Let t(x) = 2*x**2 + 10*x - 2. List the prime factors of t(w).
2, 13
Let o(a) = 5*a**2 - 6*a - 4. Let l be o(5). Let c be (-43)/((-20)/(-4) - 1 - 3). Let y = l + c. What are the prime factors of y?
2, 3
Let m be (2604/(-720) + (-2)/15)*-44. Suppose 0 = k - 2*k + 5*b - 135, -310 = 3*k + 4*b. Let s = k + m. What are the prime factors of s?
5, 11
Let z(g) = 17*g**2 + 6*g - 20. What are the prime factors of z(-8)?
2, 3, 5, 17
Let x(n) = -9*n**3 + n**2 - 8*n + 2. Let a be x(3). What are the prime factors of 6/(-7 + 4) - a?
2, 127
Let r = 558 - 288. What are the prime factors of r?
2, 3, 5
Let p(n) = 2*n + 24. Let k be p(-10). Let o(i) = i**2 + i. Let w be o(4). Suppose j + 5*v - 17 = 2*j, k*v = w. What are the prime factors of j?
2
Let b(a) = 5*a**2 - 1. Let q be b(-1). Let g be 13 - (-1 - (2 - 5)). List the prime factors of 22/q*(g + -7).
2, 11
Suppose 4*h - 5*v - 2432 = 0, -1887 = -4*h - 4*v + 545. List the prime factors of h.
2, 19
Suppose -2792 = -3*m - b, -2*m - b + 1859 = 2*b. Suppose m = 3*k - 74. What are the prime factors of k?
5, 67
Let s be (2 + (-6)/4)/((-2)/(-16)). Suppose 2 = -q, 54 - 18 = r - s*q. What are the prime factors of r?
2, 7
Suppose 11952 = 4*z - 0*r + 5*r, -z - 4*r = -2977. List the prime factors of z.
41, 73
Let w(v) = v**3 + 29*v**2 + 62*v + 37. What are the prime factors of w(-25)?
3, 7, 47
Suppose 8*h = 7418 + 886. What are the prime factors of h?
2, 3, 173
Suppose -3*y = -9, 3*y = -3*j + y - 66. Let v(x) = -x**3 + 2*x**2 - 2. Let g be v(2). List the prime factors of ((-4)/(-8))/(g/j).
2, 3
Let o be (-170)/14 - (-1)/7. Let f = o - -37. List the prime factors of f.
5
Let p = -2627 - -3335. What are the prime factors of p?
2, 3, 59
Let f = 126 + 63. List the prime factors of f.
3, 7
List the prime factors of (-7 - (4 + -18)) + 150.
157
Let s = 395 - 677. List the prime factors of (-1)/(2/s*(3 + 0)).
47
Let x = 13 - 15. What are the prime factors of (2/4)/(x/(-120))?
2, 3, 5
Let t(i) = -33*i**2 - 13*i + 37. Let y be t(3). Let g = y - -484. List the prime factors of g.
5, 37
Suppose -4*s - z = -2190, s - 3*s + 1086 = -4*z. Let q = s - 295. List the prime factors of q.
2, 3, 7
Let c(u) = 100*u**2 + 2*u - 3. List the prime factors of c(2).
401
Let q(s) = s**3 + 10*s**2 + 8*s - 8. Let b be q(-9). Let r(c) = -c + 10. Let x be r(7). Suppose 45 = x*f + 2*f - 5*j, b = -f - 4*j. List the prime factors of f.
7
Let w(f) = -f**2 + f + 1. Let m(n) = -n**3 - 14*n**2 + 12*n + 9. Let r(u) = m(u) - 5*w(u). Let k be r(-9). Let x = 86 + k. What are the prime factors of x?
3
Let p(h) = -3*h**2 + 45*h - 13. What are the prime factors of p(13)?
5, 13
Let a be 4/(-14) + (-192)/(-84). Suppose 2 = 4*v - a, -5*c - 2*v + 22 = 0. Suppose -33 = -5*g + 3*u - 5*u, 0 = 2*g + c*u - 26. List the prime factors of g.
5
Let g(t) = 29*t**2 - 33*t + 152. List the prime factors of g(6).
2, 499
Let q be (-1 - -8) + (-1 - 1). Suppose 0 = 2*r - q*r + 255. Suppose 5*u + 4*j = 3*j + 127, -r = -3*u - 5*j. What are the prime factors of u?
5
Suppose 12*q = 8*q + 24. Suppose -i - 590 = -q*i. What are the prime factors of i?
2, 59
Suppose -16 = 4*g - 12*g. Suppose 4*c = -g*m + 92, 2*m + 2*m - 4*c = 244. List the prime factors of m.
2, 7
Let n(v) = 13*v**3 + v**2 + v - 1. Let z be n(1). Suppose 0 = -4*b + 3*r - 27, 2*b + 2*r - z = -2*r. List the prime factors of (-1)/(-1)*(b + 25).
2, 11
Let h(t) be the second derivative of 3*t**3/2 + 2*t**2 - 9*t. What are the prime factors of h(5)?
7
Let g(u) = 9*u**2 - 3*u**3 + 2*u**3 - u + 2*u**3 + 7. Let a(s) = -s**2 - 10*s + 47. Let j be a(-14). List the prime factors of g(j).
2
Suppose 2*d - 3*x = x - 10, -4*d - 2*x = -30. Suppose 0 = 5*z + 3*v - 16, -6*z - d*v + 20 = -z. Suppose 6*u = z*u + 72. What are the prime factors of u?
2, 3
Let b = -123 - -511. List the prime factors of b.
2, 97
Let b(l) be the first derivative of l**3 - l**2 - 6*l - 24. What are the prime factors of b(-4)?
2, 5
Let c(w) = 48*w**2 - 4*w - 16. What are the prime factors of c(6)?
2, 211
Suppose 9*w = 5*w + 828. Let k = -112 + w. What are the prime factors of k?
5, 19
Let b(r) = -2383*r**3 + 3*r**2 - r - 3. What are the prime factors of b(-1)?
2, 149
Let l(q) = 1715*q - 241. List the prime factors of l(2).
3, 1063
Let t be (-2)/((-8)/(-60))*-1. Let f = 2 + t. List the prime factors of f.
17
Suppose -p + 3*p + 4 = 0. What are the prime factors of (7/p)/(-7)*30?
3, 5
Let a be -4 + 1 + 3 - -4. Suppose 0 = a*f - 0 - 92. What are the prime factors of f?
23
Let s = -17 + 28. Suppose j - 2*j = 3*y + s, -2*y - 14 = -j. List the prime factors of -1 + ((-120)/(-3))/j.
3
Suppose 22*f = 14*f + 13904. List the prime factors of f.
2, 11, 79
Suppose 3*x = -3*p - 6, -x - 3 + 2 = 0. Suppose 17*y - 7 = 44. List the prime factors of p/((2 - y)/9).
3
List the prime factors of (-281184)/64*4/(-6).
29, 101
Suppose -926*x = -931*x + 8300. List the prime factors of x.
2, 5, 83
Suppose 2*w = -3*w + 1865. Let c = w + -245. List the prime factors of c.
2
Suppose -42 = n - 364. List the prime factors of n.
2, 7, 23
Let p(c) = -c**3 - 18*c**2 - 18*c - 14. Let m be p(-17). Let y(r) = r**2 + 3*r - 5. Let n be y(-7). Let s = n - m. List the prime factors of s.
2, 5
Suppose -3*a + 17 + 52 = 0. Suppose a*y - 4386 = 6*y. List the prime factors of y.
2, 3, 43
Let c(l) = 89*l - 490. What are the prime factors of c(30)?
2, 5, 109
Let q(i) be the first derivative of i**4/4 + 4*i**3/3 + i**2 + 2*i - 14. Let w be 2 - 1 - (7 + -3). What are the prime factors of q(w)?
5
Let g = 15 + -12. Suppose -3*m - 91 = 5*z, 2*m = 2*z - g*m + 24. List the prime factors of (0 + -3)/3 - z.
2
List the prime factors of 146*4/(-8)*-